{"id":83,"date":"2025-10-13T17:37:11","date_gmt":"2025-10-13T20:37:11","guid":{"rendered":"https:\/\/saudebasica.com.br\/?page_id=83"},"modified":"2025-10-13T17:38:02","modified_gmt":"2025-10-13T20:38:02","slug":"emocional","status":"publish","type":"page","link":"https:\/\/saudebasica.com.br\/?page_id=83","title":{"rendered":"Emocional"},"content":{"rendered":"\n<hr class=\"wp-block-separator has-text-color has-vivid-green-cyan-color has-alpha-channel-opacity has-vivid-green-cyan-background-color has-background\"\/>\n\n\n\n<p><em>Que tenhamos a serenidade necess\u00e1ria para aceitar as coisas que n\u00e3o podemos modificar, coragem para modificar aquelas que podemos e sabedoria para distinguir umas das outras.<\/em><\/p>\n\n\n\n<p>Muitas doen\u00e7as s\u00e3o resultado e manifesta\u00e7\u00e3o dos nossos conflitos. Dist\u00farbios emocionais, como ang\u00fastia, depress\u00e3o, traumas, ansiedade e nossos medos originam a somatiza\u00e7\u00e3o e surgimento de sintomas patol\u00f3gicos reais.<\/p>\n\n\n\n<p>Nossa estrutura emocional, talvez seja o que de mais importante existe para uma sa\u00fade perfeita.<\/p>\n\n\n\n<p>Como manter o equil\u00edbrio diante das adversidades impostas pela vida no nosso dia-a-dia?<\/p>\n\n\n\n<p>Primeiramente devemos nos conhecer. Nosso potencial e nossas limita\u00e7\u00f5es.<\/p>\n\n\n\n<p>Potencial: Capacidades, habilidades, talento, recursos, etc. n\u00e3o utilizados, mas que podem se manifestar quando h\u00e1 est\u00edmulo ou treinamento adequado.<\/p>\n\n\n\n<p>Limita\u00e7\u00e3o: Conten\u00e7\u00e3o, diminui\u00e7\u00e3o, insufici\u00eancia, leis, costumes&#8230;<\/p>\n\n\n\n<p>A partir da\u00ed, podemos visualizar nossos sonhos, projetos e desejos, mas n\u00e3o podemos desejar algo acima do nosso potencial, pois \u00e9 bem prov\u00e1vel que n\u00e3o consigamos e isso provocar\u00e1 irrita\u00e7\u00e3o, ansiedade e frustra\u00e7\u00e3o.<\/p>\n\n\n\n<p>&#8220;Equil\u00edbrio \u00e9 tudo aquilo que consegue harmonizar os opostos e essa harmonia \u00e9 basicamente resultado de uma consci\u00eancia que ilumina tanto para dentro, quanto para fora da pessoa. Consci\u00eancia que ilumina para dentro \u00e9 a lucidez que leva uma pessoa a compreender-se a si mesma, com todas as suas possibilidades e impossibilidades, aquilo que espera do mundo e de si mesma e aquilo que tem ou n\u00e3o capacidade para realizar; e consci\u00eancia que ilumina para fora \u00e9 a lucidez que faz a pessoa compreender o mundo exterior, o pensamento das outras pessoas, de que maneira o mundo reage diante da multiplicidade de solicita\u00e7\u00f5es, o que \u00e9 toler\u00e1vel e aceito pelo mundo, pelas pessoas com quem ela convive e pelo tempo e lugar em que ela vive.<\/p>\n\n\n\n<p>Se a pessoa continuar avan\u00e7ando na sua pr\u00e1tica, mais alto e sutil ser\u00e1 o n\u00edvel de qualidade da quietude.&#8221;<\/p>\n\n\n\n<p>Fonte: Sociedade Tao\u00edsta do Brasil<\/p>\n\n\n\n<p>Desde que nascemos come\u00e7amos a aprender atrav\u00e9s da educa\u00e7\u00e3o dos pais, os costumes, as regras sociais, as leis e as primeiras no\u00e7\u00f5es de moral e \u00e9tica \u2013 nossos limites perante a sociedade. Aprendemos ent\u00e3o que as nossas a\u00e7\u00f5es t\u00eam conseq\u00fc\u00eancias n\u00e3o s\u00f3 para n\u00f3s, mas tamb\u00e9m para o outros.<\/p>\n\n\n\n<p>Os filhos tornam-se para os pais, segundo a educa\u00e7\u00e3o que recebem, uma recompensa ou um castigo.<\/p>\n\n\n\n<p>Fala-se tanto da necessidade de deixar um planeta melhor para os nossos filhos e, esquece-se da urg\u00eancia de deixarmos filhos melhores para o nosso planeta.<\/p>\n\n\n\n<hr class=\"wp-block-separator has-text-color has-vivid-green-cyan-color has-alpha-channel-opacity has-vivid-green-cyan-background-color has-background\"\/>\n\n\n\n<p class=\"has-text-align-center\"><a href=\"javascript:history.go(-1)\">Voltar<\/a><\/p>\n\n\n\n<hr class=\"wp-block-separator has-text-color has-vivid-green-cyan-color has-alpha-channel-opacity has-vivid-green-cyan-background-color has-background\"\/>\n","protected":false},"excerpt":{"rendered":"<p>Que tenhamos a serenidade necess\u00e1ria para aceitar as coisas que n\u00e3o podemos modificar, coragem para modificar aquelas que podemos e sabedoria para distinguir umas das outras. Muitas doen\u00e7as s\u00e3o resultado e manifesta\u00e7\u00e3o dos nossos conflitos. Dist\u00farbios emocionais, como ang\u00fastia, depress\u00e3o, traumas, ansiedade e nossos medos originam a somatiza\u00e7\u00e3o e surgimento de sintomas patol\u00f3gicos reais. Nossa [&hellip;]<\/p>\n","protected":false},"author":1,"featured_media":0,"parent":0,"menu_order":0,"comment_status":"closed","ping_status":"closed","template":"","meta":{"footnotes":""},"class_list":["post-83","page","type-page","status-publish","hentry"],"_links":{"self":[{"href":"https:\/\/saudebasica.com.br\/index.php?rest_route=\/wp\/v2\/pages\/83","targetHints":{"allow":["GET"]}}],"collection":[{"href":"https:\/\/saudebasica.com.br\/index.php?rest_route=\/wp\/v2\/pages"}],"about":[{"href":"https:\/\/saudebasica.com.br\/index.php?rest_route=\/wp\/v2\/types\/page"}],"author":[{"embeddable":true,"href":"https:\/\/saudebasica.com.br\/index.php?rest_route=\/wp\/v2\/users\/1"}],"replies":[{"embeddable":true,"href":"https:\/\/saudebasica.com.br\/index.php?rest_route=%2Fwp%2Fv2%2Fcomments&post=83"}],"version-history":[{"count":2,"href":"https:\/\/saudebasica.com.br\/index.php?rest_route=\/wp\/v2\/pages\/83\/revisions"}],"predecessor-version":[{"id":85,"href":"https:\/\/saudebasica.com.br\/index.php?rest_route=\/wp\/v2\/pages\/83\/revisions\/85"}],"wp:attachment":[{"href":"https:\/\/saudebasica.com.br\/index.php?rest_route=%2Fwp%2Fv2%2Fmedia&parent=83"}],"curies":[{"name":"wp","href":"https:\/\/api.w.org\/{rel}","templated":true}]}}